-4388 + 4382. What is u(p)?
9
Suppose -13*k = -11*k - 248. Let l = 65 - k. Let m = 58 + l. Let v(a) = -7*a**3 + 2*a**2 + a. Give v(m).
8
Let x(d) = -103 - 49 - 5*d + 207 - 101. What is x(-6)?
-16
Suppose 0 = 5*s + 5*p - 169 - 17151, 4*s - 4*p - 13864 = 0. Let x(g) = 1730*g**2 + 1730*g**2 + 6*g + g**3 - 6 - s*g**2. What is x(4)?
2
Let l(c) = c**2 + 13*c + 6. Suppose -j + 2*t + 14 = -5, -t = -5*j + 122. Suppose 12*k - j = 3*v + 8*k, 0 = -3*v + k - 31. Calculate l(v).
-16
Let b be (8 + -3)*((-8)/(-5) + 2). Let d = -22 + b. Let r(m) = 2*m**2 + 2*m + 5. What is r(d)?
29
Let t(u) = -3*u**2 + u + 4. Let z(c) = -7*c**2 + c + 8. Let b(d) = 9*t(d) - 4*z(d). Suppose 5*j - 62 = -42. Let p be ((-6)/j)/1*2. What is b(p)?
-2
Let k(r) = -9*r - 7. Let m be k(-1). Let x(q) = -7*q**m - 6 + 637*q**3 - 638*q**3 - 3*q - 4*q. Give x(-5).
-21
Let v(a) = 28*a - 281. Let s be v(10). Let t(m) = 12*m**2 - m - 5. Let r(u) = -1. Let z(b) = s*t(b) + 4*r(b). What is z(1)?
-10
Let h be 3 - (-104)/(-4) - 5/5*-1. Let n(p) = -2*p**2 - 44*p + 7. Calculate n(h).
7
Let d(s) = s**3 + 16*s**2 - 17*s + 4. Let q be d(-17). Let i(f) = -996*f + 503*f + 498*f. Determine i(q).
20
Let o = -36047 + 36046. Let l(f) = -51*f - 45. Give l(o).
6
Let w(y) = y - 2*y + 10 - 3*y + 3*y. Suppose 0 = 13*d + 119 - 327. Determine w(d).
-6
Let n(l) = -1 + 11*l + 3*l + 10*l - 22*l. Suppose 0 = -2*v + 4 - 2. What is n(v)?
1
Let m be 1*(1 + -1 + 2). Let f(x) = -13 - x - 3*x**2 + 11*x + m*x**2. Let n = -623359 + 623368. Calculate f(n).
-4
Let u(h) = 6*h**2 + 2 + h**3 - h**2 - 7. Let b be ((-10008)/(-63))/4 + 4/14. Suppose 6*i - 5*s + 10 = 9*i, -3*s = -5*i - b. What is u(i)?
-5
Let m(p) be the first derivative of 5/3*p**3 - 3*p**2 + 1 + 1/4*p**4 - p. Let g be (-210)/33 - (-40)/110. Determine m(g).
-1
Let u(s) be the third derivative of -1/15*s**5 + s**2 - 8*s + 0 - 2/3*s**3 - 1/120*s**6 - 5/24*s**4. Let n = 5 - 8. What is u(n)?
2
Let h(g) = g**3 - 10*g**2 - 12*g + 13. Let a be 11 + (19 - 19)/5. What is h(a)?
2
Let d(a) = -a**3 + 10*a**2 + 10*a + 16. Let k(u) = 5*u + 6. Let o(p) = 14*p - 86. Let r be o(6). Let l be k(r). Let w be -33*-1*l/(-12). Calculate d(w).
5
Let d(p) = -p**2 + 7*p - 3. Let v(l) = 202*l - 3. Let x = 27 + -33. Let f be v(x). Let r be 3/(-7) - f/189. What is d(r)?
3
Let h(w) be the first derivative of -w**3/3 + 6*w**2 - 31*w - 64. Determine h(10).
-11
Let i(c) = 81*c + 11 - 58 - 4*c**2 + 25. Let k be i(20). Let v(l) = l**3 + 3*l**2 - 2*l - 3. What is v(k)?
5
Let q(w) = 464*w - 22. Let o be q(1). Let s = 455 - o. Let d(c) = -c**2 + 11*c + 23. What is d(s)?
-3
Let p(s) = -346*s**3 - 14*s**2 + 77 - 3*s - 172*s**3 - 15*s + 517*s**3. Determine p(-12).
5
Let b(d) = -5*d**3 + 6*d**2 - 80*d + 4. Let o(g) = -11*g**3 + 13*g**2 - 186*g + 9. Let f(h) = -7*b(h) + 3*o(h). What is f(1)?
0
Let z(g) = 2*g - 4. Let t(u) be the second derivative of -15/2*u**2 + 7/3*u**3 + 0 + 8*u - 1/6*u**4. Let k be t(5). Calculate z(k).
6
Let q(v) be the first derivative of 13*v**2/2 + 2*v + 2712. Suppose -n = 3*r - 2*n + 9, 2*n - 16 = 5*r. Give q(r).
-24
Suppose 0 = -n - 4, 5*t - 2*t + n = 14. Let j(g) = -2*g + 25. Let y be j(10). Let x(s) = y*s + 7 - 19*s + 12*s. What is x(t)?
-5
Let m = 5642 + -5638. Let v(o) = 23*o - 13. Determine v(m).
79
Let l(n) = 3*n - 1. Let q be (-6 - (-12)/8)*6. Let g = 28 + q. Give l(g).
2
Let d(u) = -51*u - 1. Suppose -3*z - g - 46 = -39, 0 = -5*z - 5*g - 25. Give d(z).
50
Let c(y) be the second derivative of -y**5/20 + 11*y**4/12 - 13*y**3/3 - 2*y**2 + 1380*y. Give c(8).
-20
Suppose 0 = 2*b - 8*b + 2*b. Suppose b = 2*r - 0*l - 5*l, 5*r = -2*l + 29. Let d(u) = -8 - r*u - 1 + 8 + u**2. Calculate d(4).
-5
Let z(f) = -f**2 + f - 12. Let h be z(0). Let j(k) be the first derivative of -k**4/4 - 4*k**3 + k**2 - 2*k + 47056. Calculate j(h).
-26
Let m = -2882 + 6606. Let z(g) = -22*g + m - 3724. Determine z(1).
-22
Let n be (3 + -2)/2*(13 - 13). Let a(m) = m**2 + n*m**2 + 363 - 367 + 4*m. Suppose -3*q = -4*t - t - 22, -26 = 5*t + q. Calculate a(t).
1
Suppose -70 = -5*i + 2*b, -2*i = -16*b + 13*b - 17. Let p(g) = g**3 - 18*g**2 + 30*g + 8. Give p(i).
-24
Let b(j) = 17*j + 31. Let o(l) = -9*l + 15. Let v(f) = 44*f - 60. Let h(t) = -9*o(t) - 2*v(t). Let u(q) = -2*b(q) - 5*h(q). Calculate u(9).
22
Let l(m) = 21*m - 107. Let f be l(5). Let n(g) = g + 13. Let b be n(-10). Let v(t) = -t**2 - 6 + 1 - 3*t - t**b + 3. Calculate v(f).
8
Let w(l) = l**3 + 0 - 6 + 4*l**2 + 33 - 3 - 29. Suppose -4*h = -4*k - 4, -2*k - h - 3*h - 20 = 0. Calculate w(k).
-5
Let b(m) = 9*m - 3. Let o(s) = -28*s + 11. Let a(r) = 7*b(r) + 2*o(r). Suppose 6 = -5*h - 29. Let j = 6 + h. Determine a(j).
-6
Let f(d) = -2*d + 8. Let m(t) = -5*t + 5. Let j be m(3). Let z be (j - 22)*14/(-8). Suppose -z + 32 = -4*r. Determine f(r).
-4
Let v(f) = f**3 + 8*f**2 + 4*f + 11. Suppose -77 + 85 = o. Suppose o*c = 37 - 101. What is v(c)?
-21
Let q = -1770 - -1773. Let y(z) be the first derivative of -z**4/24 + 7*z**3/6 - 3*z**2/2 + 5. Let l(u) be the second derivative of y(u). Calculate l(q).
4
Let n(u) = u**2 + 105*u + 1774. Let f be n(-84). Let p(d) = 1. Let k(g) = g**2 - 10*g + 13. Let w(l) = -k(l) + 4*p(l). What is w(f)?
-9
Let y(l) = -56*l - 222. Let z be y(-4). Let d(r) = 2*r**2 + 4*r - 7. Calculate d(z).
9
Let y(q) = 2*q - q**3 - 3 + 0 + 2*q + 2*q**2. Suppose 10*a = -15 + 75. Suppose 0 = -7*i + 4*i + a. Calculate y(i).
5
Suppose -3*v + 0*v + 5*y = -9, 0 = -3*v - 3*y + 9. Let i(b) = -71*b - 34. Let m(s) = 25*s + 12. Let n(r) = 6*i(r) + 17*m(r). Give n(v).
-3
Suppose -83 = -41*n - 61 + 265. Let m(w) = w**2 - 9*w + 21. What is m(n)?
7
Let l = 45 + -40. Let v be 6/(6/l)*-1. Let c(o) = o**3 + 6*o**2 + 4*o + 3. What is c(v)?
8
Suppose 94*b + 12 = 97*b. Suppose -2*w + 3*d - 3 - 15 = 0, 2*d + b = -4*w. Let z(f) be the first derivative of -f**3/3 + 3*f**2/2 - f + 3. Give z(w).
-19
Let c(q) = 6*q**2 - 35*q - 8. Let y(n) = 9*n**2 - 46*n - 11. Let o(u) = 4*c(u) - 3*y(u). Suppose 3 - 5 = 2*p. Let t = 0 - p. What is o(t)?
-4
Let a(b) be the third derivative of b**4/24 - 5*b**3/3 + 6*b**2. Let m be a(7). Let i(h) = 1. Let s(c) = -c**2 + 4. Let o(j) = 4*i(j) - s(j). Calculate o(m).
9
Let y(m) = -234*m**3 + 27*m**2 - 8*m + 11. Let g(i) = -58*i**3 + 2*i**2 + i - 1. Let o(f) = 4*g(f) - y(f). What is o(9)?
12
Let r be 2/(-9)*(-6 - (-2160)/384). Let a(t) be the second derivative of -r*t**4 - 20*t + 0 - 3*t**2 - t**3. Give a(-4).
2
Let v(w) = w**3 - 5*w**2 - w + 15. Suppose 0*g - 4*g - 22 = -38. Give v(g).
-5
Suppose -93 - 47 = -20*z. Suppose -20*m = -z*m - 13. Let c(a) = -40*a**2 + a. Calculate c(m).
-39
Let n(t) = -129*t**3 + 151*t**3 - 21*t**3 + 9*t**2 - 75. What is n(-8)?
-11
Suppose -g = 5*r - 28, -r - g - 7 = -5*g. Suppose 4*t + t + 10 = r*f, 13 = 3*f + 4*t. Let y(z) = 4 - 5 + 4*z**2 - 3*z**2 - 2*z. Give y(f).
2
Let k(j) = -14 - 337*j**3 + 104*j**3 + 6 + 119*j**3 - 11*j + 7*j + 113*j**3 + 9*j**2. Suppose -3*z + x + 3*x = -20, 0 = 2*z - 3*x - 13. Calculate k(z).
24
Let j(o) = o**2 + 7*o - 3. Let v(t) = 2*t + 9. Let a be v(-3). Let g(y) = 7*y - 4*y**2 - 9*y + 3 - y**a + 2*y**3. Let x be g(4). What is j(x)?
-13
Suppose 2*u + 84 = 8*u. Let s(i) = -63*i + 118*i - 56*i - u. Suppose 5*o + 5 + 35 = 0. What is s(o)?
-6
Suppose -2*d - 3*d - 5 = 0, 2*v = -4*d + 30. Let m = v - 7. Let q(r) = 0*r**2 + 9*r - 4*r**2 - 7*r**2 + 13 + r**3. Calculate q(m).
3
Let t(v) = v + 12. Suppose -4*y - i = -4*i + 54, 0 = -3*y + i - 38. Let u be -14 + 10/((-40)/y). What is t(u)?
1
Let z(q) = q + 4. Suppose 0 = -w - 1, -47 = 4*r - 4*w - 159. Suppose -r = 2*g - 3*x, 3*x = 4*g - 0*x + 45. Determine z(g).
-5
Let n(j) = -2 + 102*j**2 + 106*j**2 - 207*j**2 + 3*j. Let m be n(-2). Let s(t) = -5*t + 1. Let c(i) = 9*i - 2. Let a(h) = 3*c(h) + 5*s(h). Calculate a(m).
-9
Let o(d) = -56*d**3 - 47*d**2 - 34*d - 45. Let n(k) = 5*k**3 + 4*k**2 + 3*k + 4. Let r(v) = 23*n(v) + 2*o(v). Suppose 2*c - 1 = 3. Calculate r(c).
20
Let x(z) = 5*z + 251. Suppose 2*d = -8, 0 = -3*k - 2*d - 301 + 149. Calculate x(k).
11
Let u(i) be the second derivative of -249*i + 5/6*i**3 + 0 - 39/2*i**2. Determine u(9).
6
Suppose 93 - 369 = -12*v. Suppose 2*n = 5*l + v, 4*n - 9*n - 3*l + 11 = 0. Let h(q) = n*q - q**3 + q**2 - 5*q - 2*q**2 + 22. Give h(0).
22
Let z(v) = -v**2 - 189*v - 378. Let c be z(-2). Let r(q) be the third deriv